j). Let s = -34 - x. List the prime factors of s.
2, 7
Suppose 714 = -37*z + 43*z. List the prime factors of z.
7, 17
List the prime factors of (-117)/(-26)*11732/21.
2, 3, 419
Let v(u) = 33*u - 45. Let x be v(-6). Let z = x + 584. What are the prime factors of z?
11, 31
Let i(s) = s + 1 + 4*s**3 - 2*s**3 - 3*s**3 + s**2. Let v(l) = 22*l**3 + 7*l**2 + 7*l + 6. Let a(m) = 6*i(m) - v(m). List the prime factors of a(-1).
2, 7
Suppose -l - 20 = -4*a + 2*l, 5*l - 44 = -3*a. Suppose 0 = -a*u + 3*u + 60. What are the prime factors of u?
2, 3
Suppose 5 = k - 0*w - 2*w, 0 = 4*k + 3*w - 20. Suppose k*b - f - 592 - 103 = 0, -139 = -b - 5*f. What are the prime factors of b?
139
What are the prime factors of (0 + 36)/(6/24)?
2, 3
Let a(n) = -15*n**3 - 15*n**2 - 5*n + 1. List the prime factors of a(-5).
2, 7, 109
Let p be 28/6 + (-3)/(-9). Suppose 0 = -y + p*d - 1, 5*d = -2*y + 28. What are the prime factors of (-2)/y - 652/(-18)?
2, 3
Let x = 6241 - 3680. List the prime factors of x.
13, 197
Let p = 11 + -5. Suppose 2*n = p*n. Suppose -i - 4*b + 28 = -n*b, 0 = i - 4*b + 12. List the prime factors of i.
2
Let m = 2875 - 1015. List the prime factors of m.
2, 3, 5, 31
Let n(b) be the first derivative of -b**3/3 - 6*b**2 - 6*b - 1. Let v(i) = i**3 - 4*i**2 - 3*i + 1. Let q be v(4). What are the prime factors of n(q)?
5
Let l(y) = -51*y**3 - 6*y + 50*y**3 - 1 - 8*y**2 + 0. Let z be l(-7). What are the prime factors of (z/12)/((-2)/51)?
17
List the prime factors of (3439/(-2))/((-38)/76).
19, 181
List the prime factors of (1/3)/(2/858)*1.
11, 13
Let u be (-2)/6 - 68/(-6). Let k(x) = -557 + 0*x + x + 564. List the prime factors of k(u).
2, 3
Suppose 6502 = 10*t - 2188. List the prime factors of t.
11, 79
Let r be (5 - (-153)/(-15))/(2/20). Let a = r + 94. What are the prime factors of a?
2, 3, 7
Suppose -q - 404 + 1796 = 0. What are the prime factors of q?
2, 3, 29
Let x = 5457 - 3432. What are the prime factors of 2/(-8) + x/36?
2, 7
Let r(s) = s - 2. Let k(o) = o - 1. Let v(f) = 5*k(f) - 6*r(f). Let q be 2/1*9/(-2). What are the prime factors of v(q)?
2
Suppose 0*u + u = -1. Let c(x) = -112*x**2 + 2*x + 1. Let r be c(u). What are the prime factors of 9/(-15) - r/5?
2, 11
Suppose 2*b = 4*k + 40, 5*b - 3*k - 25 - 47 = 0. Suppose 10*l = 4*l + b. What are the prime factors of l?
2
Let h be (-136)/(-10) - (-8)/20. Suppose h*c - 16 = 13*c. What are the prime factors of c?
2
Suppose 3*w = -3*h + 510, w = 2*w + 2*h - 174. Let r = w - 80. What are the prime factors of r?
2, 43
Let n = 9 - 7. Suppose -s = -n*s + 4. Suppose -c - s*c = k - 32, 0 = k - 2*c - 18. List the prime factors of k.
2, 11
Let h(z) = -22*z - 4. Let c(j) = -j - 1. Let s(l) = -5*c(l) + h(l). List the prime factors of s(-3).
2, 13
Let d(r) = -r**3 + 3*r**2 - 4*r - 4. Let g be d(4). Let u(p) = -18*p - 9. Let k be u(-4). Let v = g + k. List the prime factors of v.
3
Let q = -3 - -6. Suppose 3*d = -p + 2, -10 = 3*d - 2*d + q*p. Suppose d*i + 2*i = 16. List the prime factors of i.
2
List the prime factors of -2 + 33/12 + (-281466)/(-72).
2, 5, 17, 23
Let l(h) = 2*h**2 - 4*h + 11. Let z be l(6). List the prime factors of 1 - (5 - z - 1).
2, 7
Let g(x) = 5*x**2 - 20*x - 122. List the prime factors of g(-13).
983
Let f = 3120 - 1595. What are the prime factors of f?
5, 61
Suppose 6*c + 69 = -57. Let n = 10 - c. What are the prime factors of n?
31
Let u(z) = z**2 + 4*z + 2. Let k be u(-3). Let c be ((-2)/5)/(k/(-5)). List the prime factors of (-285)/10*c/3.
19
Let r = -203 + 233. List the prime factors of r.
2, 3, 5
Let t(r) = 163*r**2 - 10*r + 20. What are the prime factors of t(3)?
31, 47
Let p = -116 - -145. List the prime factors of p.
29
Let y be 2 - 5/(25/(-10)). Suppose 5*s = y*w + 2*s - 361, 5*w = 4*s + 452. What are the prime factors of w?
2, 11
Let r = -884 - -2101. What are the prime factors of r?
1217
Let g = 1877 + -770. List the prime factors of g.
3, 41
Let w be (5 - 7) + (0 - 53). Let h = 67 - w. List the prime factors of h.
2, 61
Let u(n) = 11*n**2 + 17*n + 37. List the prime factors of u(-8).
5, 11
Let i be (-94)/(-16) + 5/40. Suppose 2*f = -3*b + 233, i*b - 299 = 2*b - 5*f. What are the prime factors of b?
3
Let m be (6/(-4))/(3/(-6)). Let f(k) = -4 - 17*k + 5*k**2 + 5*k**2 + 0 - k**m + 32*k. What are the prime factors of f(11)?
2, 5
Suppose 3*z = 3*b, 3*z + 7 - 2 = 4*b. Suppose 5*n + b = 0, -5*k + 2*k - 4*n + 311 = 0. List the prime factors of k.
3, 5, 7
Let v be 2/(9/(2025/10)). Let i be ((-6)/(-4))/(v/150). Suppose -i*m + 0*m - 10 = 0, -2*q + 56 = 2*m. What are the prime factors of q?
2, 3, 5
Let x(r) = 408*r**3 + r**2 - 24*r + 25. What are the prime factors of x(1)?
2, 5, 41
Suppose 258*g - 259*g = -203. What are the prime factors of g?
7, 29
Suppose 8*v = 9*v - 27. Suppose -18*r - v = -19*r. What are the prime factors of r?
3
Let y be -1 + 2 + 6544/8. List the prime factors of y/35 - 6/15.
23
Suppose -5700 = -5*o - l, -22*o + 26*o - 5*l = 4531. What are the prime factors of o?
17, 67
Suppose -5*c - 18 = -j, -3*j - 2*c - 3 = -2*j. Suppose -517 = -8*m - j*m. List the prime factors of m.
47
Let p be 14/(-49) + 46/14. Suppose 0*y + p*y + 3*f - 687 = 0, 5*f = -2*y + 473. Suppose y = 5*l + 34. List the prime factors of l.
2, 19
Let h(z) = -z**3 + 3*z**2 + 19*z - 8. List the prime factors of h(-8).
2, 17
Let h be 310/279 + (-10)/9. Suppose 138 + 78 = 4*r. Suppose h = -2*x - x + r. List the prime factors of x.
2, 3
Let k = -12 - -18. Let t = k + 55. List the prime factors of t.
61
Suppose 0 = -25*r + 34*r - 14130. What are the prime factors of r?
2, 5, 157
Suppose -7*x = -3*x + 4. Let s be 8*(5/4 + x). Suppose -5*i + 0*v + 189 = s*v, -5*i = -v - 183. What are the prime factors of i?
37
Let b(n) = -550*n**3 + n**2 - 4*n - 4. What are the prime factors of b(-1)?
19, 29
Let v = -1263 + 2754. List the prime factors of v.
3, 7, 71
Suppose 68*b = 70*b - 4874. What are the prime factors of b?
2437
Let u(o) = 639*o - 14. Let x be u(2). Suppose -5*l + x = 3*l. What are the prime factors of l?
2, 79
Let n(y) = 5*y**2 + 3*y - 2. Let q(c) = -c + 1. Let l be q(1). Suppose l = -3*p + 5*p - 4. What are the prime factors of n(p)?
2, 3
Let g be 0 - 4 - (-30 - -18). Let f(r) = 4*r**2 - 14*r - 17. List the prime factors of f(g).
127
Let s = -510 + 1613. What are the prime factors of s?
1103
List the prime factors of (0 - 12/(-20))/(13/18395).
3, 283
Suppose -d = -1 - 2. Suppose 4*z = -4*r + d*z + 245, 0 = 3*r + 2*z - 190. List the prime factors of r.
2, 3, 5
Let f(k) = -2 - 2*k + 3*k + 2*k. Suppose 5 = -5*d + 15. What are the prime factors of f(d)?
2
List the prime factors of (-5)/((-340)/50584) - 10/(-85).
2, 3, 31
List the prime factors of 60/24 - (-15105)/6 - -3.
3, 29
Suppose 0 = -20*s + 2709 + 9291. What are the prime factors of s?
2, 3, 5
Let y be ((-3)/(-12))/(3/(-630))*4. Let d = y - -320. What are the prime factors of d?
2, 5, 11
Suppose -3*a = -f + 458, -5*f + 5*a + 248 = -2022. What are the prime factors of f?
2, 113
Suppose 4*o - 3*r = 2331, -5*r - 2951 = -5*o - 36. What are the prime factors of o?
2, 3, 97
Suppose -4*y + 11 = 3*c - 6*y, 0 = c + 3*y - 22. Suppose -c*f + 610 = 5*i - 4*f, -2*i = 5*f - 225. What are the prime factors of i?
5
Suppose 0 = -0*l - 8*l + 7432. Let d = -663 + l. What are the prime factors of d?
2, 7, 19
Suppose 0 = 2*s - 3*a - 27, 3*s = -a + 19 + 5. Suppose 0 = -5*r + s - 409. Let x = -56 - r. What are the prime factors of x?
2, 3
Let m be (-1 - 2)*76/(-6) - 2. Suppose 72 = u - m. What are the prime factors of u?
2, 3
Let a = -2152 + 4862. List the prime factors of a.
2, 5, 271
List the prime factors of -810*(5 - 216/40).
2, 3
Let f = -663 - -3022. List the prime factors of f.
7, 337
Let d(v) = v**3 - 48*v**2 + 88*v - 132. What are the prime factors of d(47)?
5, 359
Let o = 15 - 11. Suppose -4*a + 8 = -5*k, -2*a = -3*k - 0 - o. Suppose 0 = 5*p + d - 9, p - a*d = 2*d + 6. List the prime factors of p.
2
Suppose 0 = -2*s - 2*k + 3*k - 9, 4*k = 3*s + 16. Let l = -11 + s. List the prime factors of 20/l - (-220)/12.
17
Let p(m) = -m**3 + 5*m**2. Let s be p(5). Suppose -3*c + 30 = -s*c. Suppose c = t - 0*t. What are the prime factors of t?
2, 5
Suppose 6028 = 5*g - g - 4*h, 2*h + 4516 = 3*g. List the prime factors of g.
2, 751
Let r(m) = 3*m**3 + 2*m**2 - 4*m + 2. Suppose 0 = 4*f